s of 3275608?
2, 7, 29, 2017
What are the prime factors of 1656797?
47, 35251
List the prime factors of 904397.
13, 73, 953
What are the prime factors of 2904837?
3, 13, 211, 353
What are the prime factors of 324465?
3, 5, 97, 223
List the prime factors of 1739129.
7, 248447
List the prime factors of 21907974.
2, 3, 11, 53, 6263
What are the prime factors of 294652?
2, 19, 3877
List the prime factors of 1306227.
3, 13, 33493
What are the prime factors of 3109951?
13, 31, 7717
List the prime factors of 29703570.
2, 3, 5, 13, 76163
List the prime factors of 2521619.
131, 19249
List the prime factors of 287291.
287291
List the prime factors of 1063110.
2, 3, 5, 35437
What are the prime factors of 153260?
2, 5, 79, 97
List the prime factors of 297601.
297601
What are the prime factors of 16584966?
2, 3, 307129
What are the prime factors of 3446530?
2, 5, 344653
List the prime factors of 8919082.
2, 4459541
What are the prime factors of 14702?
2, 7351
List the prime factors of 6208663.
6208663
List the prime factors of 126252.
2, 3, 7, 167
List the prime factors of 4294449.
3, 379, 1259
List the prime factors of 10833843.
3, 3611281
List the prime factors of 483714.
2, 3, 7, 11, 349
What are the prime factors of 418795?
5, 13, 17, 379
What are the prime factors of 71065?
5, 61, 233
What are the prime factors of 503262?
2, 3, 73, 383
List the prime factors of 13181802.
2, 3, 2196967
What are the prime factors of 15652424?
2, 1956553
List the prime factors of 117482.
2, 58741
What are the prime factors of 11841319?
7, 397, 4261
What are the prime factors of 885443?
13, 68111
What are the prime factors of 67977?
3, 7, 13, 83
What are the prime factors of 8755809?
3, 2918603
List the prime factors of 45246.
2, 3, 7541
List the prime factors of 1308885.
3, 5, 71, 1229
List the prime factors of 492300.
2, 3, 5, 547
List the prime factors of 2834453.
41, 257, 269
What are the prime factors of 4227497?
593, 7129
What are the prime factors of 1093244?
2, 273311
What are the prime factors of 1296199?
17, 19, 4013
What are the prime factors of 1284697?
113, 11369
List the prime factors of 273133.
7, 39019
What are the prime factors of 300821?
300821
List the prime factors of 104366.
2, 52183
What are the prime factors of 562260?
2, 3, 5, 9371
List the prime factors of 1545521.
17, 229, 397
List the prime factors of 254011.
19, 29, 461
What are the prime factors of 3202364?
2, 11, 73, 997
List the prime factors of 3771983.
73, 163, 317
List the prime factors of 191246.
2, 11, 8693
List the prime factors of 893118.
2, 3, 148853
What are the prime factors of 3213434?
2, 7, 89, 2579
What are the prime factors of 631046?
2, 13, 1867
List the prime factors of 1656608.
2, 51769
List the prime factors of 121043.
13, 9311
List the prime factors of 921376.
2, 28793
List the prime factors of 5401003.
5401003
What are the prime factors of 5784164?
2, 1446041
List the prime factors of 500716.
2, 151, 829
What are the prime factors of 84675?
3, 5, 1129
What are the prime factors of 897942?
2, 3, 109, 1373
List the prime factors of 625246.
2, 312623
What are the prime factors of 14194072?
2, 1774259
What are the prime factors of 6622638?
2, 3, 11, 100343
What are the prime factors of 1018274?
2, 509137
What are the prime factors of 19339?
83, 233
List the prime factors of 3340342.
2, 1670171
List the prime factors of 239547.
3, 7, 11, 17, 61
What are the prime factors of 149171?
11, 71, 191
List the prime factors of 761263.
761263
List the prime factors of 397837.
11, 59, 613
What are the prime factors of 216812?
2, 67, 809
List the prime factors of 21384022.
2, 11, 972001
What are the prime factors of 7226642?
2, 3613321
List the prime factors of 845895.
3, 5, 56393
List the prime factors of 331945.
5, 197, 337
List the prime factors of 584023.
11, 53093
List the prime factors of 200877.
3, 66959
What are the prime factors of 1734844?
2, 23, 109, 173
What are the prime factors of 5395638?
2, 3, 899273
What are the prime factors of 8181666?
2, 3, 19, 47, 509
What are the prime factors of 121575?
3, 5, 1621
What are the prime factors of 2065478?
2, 1032739
What are the prime factors of 74439?
3, 919
What are the prime factors of 37203?
3, 12401
List the prime factors of 1352497.
113, 11969
List the prime factors of 607187.
7, 127, 683
List the prime factors of 29942.
2, 11, 1361
List the prime factors of 543673.
13, 3217
What are the prime factors of 2460834?
2, 3, 199, 229
What are the prime factors of 18416957?
13, 971, 1459
List the prime factors of 5359613.
7, 765659
List the prime factors of 1239239.
1239239
What are the prime factors of 4399243?
17, 258779
List the prime factors of 19760323.
11, 19, 94547
List the prime factors of 26861607.
3, 2984623
What are the prime factors of 2161237?
13, 83, 2003
What are the prime factors of 8712251?
331, 26321
What are the prime factors of 175941?
3, 113, 173
List the prime factors of 1852429.
1852429
What are the prime factors of 453042?
2, 3, 25169
List the prime factors of 8996667.
3, 107, 28027
What are the prime factors of 39458?
2, 109, 181
List the prime factors of 2292049.
47, 48767
List the prime factors of 286345.
5, 57269
List the prime factors of 16072104.
2, 3, 127, 5273
List the prime factors of 7175021.
7, 181, 809
What are the prime factors of 472400?
2, 5, 1181
List the prime factors of 2007033.
3, 7, 31, 3083
What are the prime factors of 468235?
5, 37, 2531
List the prime factors of 4941120.
2, 3, 5, 5147
List the prime factors of 137132.
2, 34283
List the prime factors of 415996.
2, 7, 83, 179
What are the prime factors of 35741339?
2767, 12917
List the prime factors of 2365215.
3, 5, 19, 43, 193
List the prime factors of 12749.
11, 19, 61
List the prime factors of 349563.
3, 109, 1069
List the prime factors of 208848.
2, 3, 19, 229
What are the prime factors of 406523?
13, 31271
What are the prime factors of 9727712?
2, 23, 13217
List the prime factors of 298064.
2, 13, 1433
What are the prime factors of 633600?
2, 3, 5, 11
What are the prime factors of 395323?
395323
What are the prime factors of 67404?
2, 3, 41, 137
What are the prime factors of 186876?
2, 3, 29, 179
List the prime factors of 945773.
107, 8839
What are the prime factors of 1956905?
5, 19, 20599
What are the prime factors of 310169?
310169
List the prime factors of 399626.
2, 199813
What are the prime factors of 1818064?
2, 199, 571
List the prime factors of 751219.
7, 15331
List the prime factors of 3786543.
3, 37, 83, 137
List the prime factors of 862.
2, 431
What are the prime factors of 2951015?
5, 23, 67, 383
What are the prime factors of 10789458?
2, 3, 17, 139, 761
What are the prime factors of 164672?
2, 31, 83
List the prime factors of 146587.
7, 43, 487
What are the prime factors of 4321533?
3, 1440511
List the prime factors of 156423.
3, 23, 2267
List the prime factors of 284087.
17, 983
What are the prime factors of 18365464?
2, 13, 176591
List the prime factors of 1315293.
3, 7, 62633
What are the prime factors of 334599?
3, 111533
List the prime factors of 11948802.
2, 3, 61, 32647
List the prime factors of 124866.
2, 3, 7, 991
List the prime factors of 1769047.
7, 79, 457
What are the prime factors of 892330?
2, 5, 17, 29, 181
List the prime factors of 216296.
2, 19, 1423
List the prime factors of 25660708.
2, 29, 157, 1409
What are the prime factors of 5616221?
13, 41, 257
List the prime factors of 4156174.
2, 11, 19, 61, 163
What are the prime factors of 3493850?
2, 5, 69877
What are the prime factors of 342928?
2, 21433
What are the prime factors of 310419?
3, 11497
What are the prime factors of 637623?
3, 7, 29, 349
List the prime factors of 2136053.
29, 73, 1009
What are the prime factors of 18695632?
2, 1168477
List the prime factors of 502092.
2, 3, 4649
What are the prime factors of 1158871?
7, 165553
List the prime factors of 11234427.
3, 3744809
What are the prime factors of 966600?
2, 3, 5, 179
What are the prime factors of 1247502?
2, 3, 19, 31, 353
List the prime factors of 1601850.
2, 3, 5, 59, 181
List the prime factors of 277865.
5, 7, 17, 467
What are the prime factors of 865091?
865091
List the prime factors of 16003564.
2, 31, 129061
What are the prime factors of 13615200?
2, 3, 5, 31, 61
What are the